{"id":8996,"date":"2025-01-30T13:01:00","date_gmt":"2025-01-30T12:01:00","guid":{"rendered":"https:\/\/ciems.ma\/?page_id=8996"},"modified":"2025-05-08T15:53:16","modified_gmt":"2025-05-08T13:53:16","slug":"certificat-executif-en-intelligence-artificielle-llm","status":"publish","type":"page","link":"https:\/\/ciems.ma\/index.php\/certificat-executif-en-intelligence-artificielle-llm\/","title":{"rendered":"Certificat Ex\u00e9cutif en Intelligence Artificielle et LLM"},"content":{"rendered":"<p>[vc_row type=&#8221;vc_default&#8221; css=&#8221;.vc_custom_1476008791393{padding-top: 70px !important;padding-bottom: 25px !important;}&#8221;][vc_column offset=&#8221;vc_col-lg-6 vc_col-md-6 vc_col-xs-12&#8243; css=&#8221;.vc_custom_1476005293248{padding-bottom: 50px !important;}&#8221;]<div id=\"ultimate-heading-211369eb7fa21f8b0\" class=\"uvc-heading ult-adjust-bottom-margin ultimate-heading-211369eb7fa21f8b0 uvc-3640 \" data-hspacer=\"no_spacer\"  data-halign=\"left\" style=\"text-align:left\"><div class=\"uvc-heading-spacer no_spacer\" style=\"top\"><\/div><div class=\"uvc-main-heading ult-responsive\"  data-ultimate-target='.uvc-heading.ultimate-heading-211369eb7fa21f8b0 h2'  data-responsive-json-new='{\"font-size\":\"desktop:20px;\",\"line-height\":\"desktop:32px;\"}' ><h2 style=\"font-weight:bold;margin-bottom:20px;\">Aper\u00e7u du Certificat :<\/h2><\/div><\/div><div class=\"gap\" style=\"line-height: 10px; height: 10px;\"><\/div>[vc_column_text]<\/p>\n<div align=\"justify\">\n<p>Certificat Ex\u00e9cutif en Intelligence Artificielle et LLM vise \u00e0 offrir une formation approfondie et pratique sur l&#8217;intelligence artificielle (IA) et les mod\u00e8les de langage, avec un focus particulier sur leurs applications dans les domaines strat\u00e9giques, op\u00e9rationnels et technologiques. Les participants acquerront des connaissances solides sur le fonctionnement des mod\u00e8les avanc\u00e9s tels que les mod\u00e8les g\u00e9n\u00e9ratifs, transformer-based models, ainsi que leurs usages dans divers secteurs.<\/p>\n<\/div>\n<p>[\/vc_column_text]<div id=\"ultimate-heading-223469eb7fa21f8e4\" class=\"uvc-heading ult-adjust-bottom-margin ultimate-heading-223469eb7fa21f8e4 uvc-1065 \" data-hspacer=\"no_spacer\"  data-halign=\"left\" style=\"text-align:left\"><div class=\"uvc-heading-spacer no_spacer\" style=\"top\"><\/div><div class=\"uvc-main-heading ult-responsive\"  data-ultimate-target='.uvc-heading.ultimate-heading-223469eb7fa21f8e4 h2'  data-responsive-json-new='{\"font-size\":\"desktop:20px;\",\"line-height\":\"desktop:32px;\"}' ><h2 style=\"font-weight:bold;margin-bottom:20px;\">Objectifs :<\/h2><\/div><\/div><div class=\"standard-arrow list-divider bullet-top\"><ul>\n<li>Ma\u00eetriser les bases des mod\u00e8les de langage tels que GPT, BERT, et autres.<\/li>\n<li>D\u00e9velopper des solutions bas\u00e9es sur l&#8217;IA pour des probl\u00e9matiques m\u00e9tiers sp\u00e9cifiques.<\/li>\n<li>Analyser l&#8217;impact de l&#8217;IA et des LLM sur la strat\u00e9gie, la prise de d\u00e9cision et la gestion des donn\u00e9es.<\/li>\n<li>\u00c9valuer les consid\u00e9rations \u00e9thiques et les d\u00e9fis de gouvernance associ\u00e9s aux LLM.<\/li>\n<\/ul>\n<\/div><div id=\"ultimate-heading-744269eb7fa21f942\" class=\"uvc-heading ult-adjust-bottom-margin ultimate-heading-744269eb7fa21f942 uvc-253 \" data-hspacer=\"no_spacer\"  data-halign=\"left\" style=\"text-align:left\"><div class=\"uvc-heading-spacer no_spacer\" style=\"top\"><\/div><div class=\"uvc-main-heading ult-responsive\"  data-ultimate-target='.uvc-heading.ultimate-heading-744269eb7fa21f942 h2'  data-responsive-json-new='{\"font-size\":\"desktop:20px;\",\"line-height\":\"desktop:32px;\"}' ><h2 style=\"font-weight:bold;margin-bottom:20px;\">Format :<\/h2><\/div><\/div>[vc_column_text]<\/p>\n<div align=\"justify\">\n<p>Le Certificat est principalement dispens\u00e9 en pr\u00e9sentiel, mais peut \u00eatre \u00e9galement propos\u00e9 en ligne pour des groupes d&#8217;au moins 5 participants.<\/p>\n<p>Il est disponible en format interentreprises et peut \u00eatre organis\u00e9 en format intra-entreprise pour les structures rassemblant un minimum de 5 participants inscrits au programme complet.<\/p>\n<\/div>\n<p>[\/vc_column_text][\/vc_column][vc_column offset=&#8221;vc_col-lg-6 vc_col-md-6 vc_col-xs-12&#8243; css=&#8221;.vc_custom_1476005300152{padding-bottom: 50px !important;}&#8221;]<div id=\"ultimate-heading-101069eb7fa21f958\" class=\"uvc-heading ult-adjust-bottom-margin ultimate-heading-101069eb7fa21f958 uvc-772 \" data-hspacer=\"no_spacer\"  data-halign=\"left\" style=\"text-align:left\"><div class=\"uvc-heading-spacer no_spacer\" style=\"top\"><\/div><div class=\"uvc-main-heading ult-responsive\"  data-ultimate-target='.uvc-heading.ultimate-heading-101069eb7fa21f958 h2'  data-responsive-json-new='{\"font-size\":\"desktop:20px;\",\"line-height\":\"desktop:32px;\"}' ><h2 style=\"font-weight:bold;margin-bottom:20px;\">Public cible :<\/h2><\/div><\/div><div class=\"standard-arrow list-divider bullet-top\"><div align=\"justify\">Le Certificat Ex\u00e9cutif en Intelligence Artificielle et LLM est con\u00e7u pour les professionnels de la data, les cadres en entreprise, les consultants, les managers et les d\u00e9cideurs.<\/div>\n<\/div><div id=\"ultimate-heading-71769eb7fa21f991\" class=\"uvc-heading ult-adjust-bottom-margin ultimate-heading-71769eb7fa21f991 uvc-8604 \" data-hspacer=\"no_spacer\"  data-halign=\"left\" style=\"text-align:left\"><div class=\"uvc-heading-spacer no_spacer\" style=\"top\"><\/div><div class=\"uvc-main-heading ult-responsive\"  data-ultimate-target='.uvc-heading.ultimate-heading-71769eb7fa21f991 h2'  data-responsive-json-new='{\"font-size\":\"desktop:20px;\",\"line-height\":\"desktop:32px;\"}' ><h2 style=\"font-weight:bold;margin-bottom:20px;\">Module, date &amp; Lieu :<\/h2><\/div><\/div><div class=\"gap\" style=\"line-height: 10px; height: 10px;\"><\/div><div class=\"standard-arrow list-divider bullet-top\"><ul>\n<li>Module 1 : Les Fondamentaux de l&#8217;IA (23 Mai\u00a02025, Rabat)<\/li>\n<li>Module 2 : Les m\u00e9thodes d&#8217;apprentissage de l&#8217;IA (24 Mai\u00a02025, Rabat)<\/li>\n<li>Module 3 : Les fondamentaux des mod\u00e8les de langage de grande taille (LLMs) (25\u00a0Mai\u00a02025, Rabat)<\/li>\n<li>Module 4\u00a0 : Ateliers: Les applications des mod\u00e8les LLMs (29\u00a0Mai\u00a02025, Rabat)<\/li>\n<\/ul>\n<\/div><div id=\"ultimate-heading-944869eb7fa21f9ca\" class=\"uvc-heading ult-adjust-bottom-margin ultimate-heading-944869eb7fa21f9ca uvc-6533 \" data-hspacer=\"no_spacer\"  data-halign=\"left\" style=\"text-align:left\"><div class=\"uvc-heading-spacer no_spacer\" style=\"top\"><\/div><div class=\"uvc-main-heading ult-responsive\"  data-ultimate-target='.uvc-heading.ultimate-heading-944869eb7fa21f9ca h2'  data-responsive-json-new='{\"font-size\":\"desktop:20px;\",\"line-height\":\"desktop:32px;\"}' ><h2 style=\"font-weight:bold;margin-bottom:20px;\">Inscription :<\/h2><\/div><\/div><div class=\"standard-arrow list-divider bullet-top\"><p><b>Frais d\u2019inscription :<\/b><b> 10 000\u00a0 DH TTC<\/b><\/p>\n<p style=\"text-align: justify;\">Les frais incluent le mat\u00e9riel formation, Certificat de formation, les pause-caf\u00e9, d\u00e9jeuner,\u00a0r\u00e9ception organis\u00e9e \u00e0 l&#8217;occasion de la remise des certificats en fin de formation.<\/p>\n<\/div>[\/vc_column][\/vc_row][vc_row][vc_column][vc_column_text]<\/p>\n<p>[\/vc_column_text][\/vc_column][\/vc_row][vc_row][vc_column width=&#8221;1\/2&#8243;][vc_btn title=&#8221;BROCHURE&#8221; color=&#8221;danger&#8221; align=&#8221;center&#8221; link=&#8221;url:https%3A%2F%2Fwww.ciems.ma%2Fciems-business-institute%2FAI-LLM_brochure.pdf|title:Brochure%20-%20Certificat%20Ex%C3%A9cutif%20en%20Intelligence%20Artificielle%20et%20LLM|target:_blank&#8221;][\/vc_column][vc_column width=&#8221;1\/2&#8243;][vc_btn title=&#8221;INSCRIPTION&#8221; color=&#8221;danger&#8221; align=&#8221;center&#8221; link=&#8221;url:https%3A%2F%2Fforms.office.com%2Fr%2FJYuh2JYXYa|title:Certificat%20Ex%C3%A9cutif%20en%20Intelligence%20Artificielle%20et%20LLM|target:_blank&#8221;][\/vc_column][\/vc_row][vc_row][vc_column]<div class=\"gap\" style=\"line-height: 20px; height: 20px;\"><\/div>[\/vc_column][\/vc_row]<\/p>\n","protected":false},"excerpt":{"rendered":"<p>[vc_row type=&#8221;vc_default&#8221; css=&#8221;.vc_custom_1476008791393{padding-top: 70px !important;padding-bottom: 25px !important;}&#8221;][vc_column offset=&#8221;vc_col-lg-6 vc_col-md-6 vc_col-xs-12&#8243; css=&#8221;.vc_custom_1476005293248{padding-bottom: 50px !important;}&#8221;][vc_column_text] Certificat Ex\u00e9cutif en Intelligence Artificielle et LLM vise \u00e0 offrir une formation approfondie et pratique sur l&#8217;intelligence artificielle (IA) et les mod\u00e8les de langage, avec un focus particulier sur leurs applications dans les domaines strat\u00e9giques, op\u00e9rationnels et technologiques. Les participants acquerront des&hellip;<\/p>\n","protected":false},"author":1,"featured_media":0,"parent":0,"menu_order":100,"comment_status":"closed","ping_status":"closed","template":"","meta":[],"_links":{"self":[{"href":"https:\/\/ciems.ma\/index.php\/wp-json\/wp\/v2\/pages\/8996"}],"collection":[{"href":"https:\/\/ciems.ma\/index.php\/wp-json\/wp\/v2\/pages"}],"about":[{"href":"https:\/\/ciems.ma\/index.php\/wp-json\/wp\/v2\/types\/page"}],"author":[{"embeddable":true,"href":"https:\/\/ciems.ma\/index.php\/wp-json\/wp\/v2\/users\/1"}],"replies":[{"embeddable":true,"href":"https:\/\/ciems.ma\/index.php\/wp-json\/wp\/v2\/comments?post=8996"}],"version-history":[{"count":17,"href":"https:\/\/ciems.ma\/index.php\/wp-json\/wp\/v2\/pages\/8996\/revisions"}],"predecessor-version":[{"id":9116,"href":"https:\/\/ciems.ma\/index.php\/wp-json\/wp\/v2\/pages\/8996\/revisions\/9116"}],"wp:attachment":[{"href":"https:\/\/ciems.ma\/index.php\/wp-json\/wp\/v2\/media?parent=8996"}],"curies":[{"name":"wp","href":"https:\/\/api.w.org\/{rel}","templated":true}]}}